6?
5
Let v(f) = 2*f**2 + 6*f - 1. Calculate the remainder when v(-9) is divided by 55.
52
Calculate the remainder when 4*1 - 68/(-4) is divided by 12.
9
Let a(q) = -q**2 - 9*q - 6. Calculate the remainder when a(-8) is divided by 1.
0
Let r(n) = n**2 + 10*n + 11. Let m be ((3*-3)/(-1))/(-1). Let t be r(m). Let i = 6 - t. What is the remainder when 7 is divided by i?
3
Let o = 17 - 5. Suppose 0 = 3*y + 3*y - o. Calculate the remainder when y is divided by 2.
0
Let g = 79 - 53. What is the remainder when g is divided by 8?
2
Let h(p) = -17*p**3 - 2*p**2 + 2*p - 1. Let z be h(1). Let g = -5 - z. Calculate the remainder when 50 is divided by g.
11
Suppose 0 = -6*n + 130 - 82. What is the remainder when 29 is divided by n?
5
Let n(a) = -6*a**3 - 3*a**2 - a - 2. Let v be n(-2). Let w be 2/(-5) - v/10. Let i = 6 + w. Calculate the remainder when i is divided by 1.
0
Suppose 0 = -0*b - 3*b - 33. Let f(p) = p + 25. Calculate the remainder when 1*25 - (-2 - -1) is divided by f(b).
12
Let x = -25 + 31. What is the remainder when 28 is divided by x?
4
Let k(u) = 5*u**3 + 2. Calculate the remainder when k(2) is divided by 9.
6
Suppose -c - 2*j = -10, 12 = 5*c - 3*j - 90. What is the remainder when 52 is divided by c?
16
Let p(z) = 3*z + 4. Suppose -4*l + 19 = -5. What is the remainder when p(2) is divided by l?
4
Let d be (-42)/(-8) + (-2)/8. Suppose -d*i + v + 9 = 0, 5*i + 2*v + 15 = -3*v. Calculate the remainder when (36/(-16))/(i/(-8)) is divided by 10.
8
Let l(i) = 3*i - 8. Let g be l(-7). Let k = g - -45. Calculate the remainder when 46 is divided by k.
14
Let o(h) = -6*h - 5*h - 2 + 5*h + 3*h. Let m be o(2). What is the remainder when (27/4)/((-2)/m) is divided by 14?
13
Let r = -121 - -175. Suppose -4*q + 3*w + 30 = -q, -74 = -5*q - w. Calculate the remainder when r is divided by q.
12
Let u = -134 + 148. What is the remainder when 54 is divided by u?
12
Let o(z) = z**3 + 7*z**2 - 10*z - 1. Let g be o(-8). Let c = 51 + -28. Calculate the remainder when c is divided by 10/g - 44/(-6).
7
Suppose -2*y = 3*s - 16, 4*s - 13 - 11 = -3*y. Calculate the remainder when 23 - 4*4/y is divided by -2 - (-14 + 2 + -1).
10
Suppose 108 = -0*i + 4*i. Calculate the remainder when i is divided by 14.
13
Suppose 0 = 4*b - 72 - 16. Suppose 4*r = 4*h - r - 33, 4*h - 42 = 2*r. Calculate the remainder when b is divided by h.
10
Let d = 41 - 29. Suppose -2*r = -4*n - 122, 3*r = -0*n + 2*n + 171. Let p = r - 32. Calculate the remainder when p is divided by d.
11
Let d(v) be the third derivative of -v**6/120 + v**5/12 - 5*v**3/6 - 2*v**2. What is the remainder when 31 is divided by d(4)?
9
Let n(s) = s**3 + 8*s**2 - 10*s - 10. Let v be n(-9). What is the remainder when 58 is divided by (15 + 0)/(0 - v)?
13
Let l = 4 + -6. Let s be l/3 + (-28)/(-6). Suppose 4*t - 50 = 3*t + 4*j, -4*j + 120 = s*t. Calculate the remainder when t is divided by 9.
7
Let p(w) = w**3 - 10*w**2 + 11*w - 1. Let v(c) = c + 0*c - 6*c**2 + 39*c**2. Calculate the remainder when v(-1) is divided by p(9).
15
What is the remainder when ((-9)/5)/(18/(-150)) is divided by 10?
5
Let s(d) = d**3 - 5. Let v be s(0). What is the remainder when 18/(-5)*v/2 is divided by 5?
4
Let d(f) = f**3 + 20*f**2 - 4*f - 64. What is the remainder when 47 is divided by d(-20)?
15
Suppose -w - 2 = 1. Let c = -2 - -6. What is the remainder when c is divided by 5 + 1 + 0 + w?
1
Let v(a) = a**2 + 14*a - 83. What is the remainder when v(-21) is divided by 6?
4
Calculate the remainder when (-3080)/(-48) + 2/(-12) is divided by 22.
20
Let r = -53 - -110. What is the remainder when r is divided by 30?
27
Let f = 52 + -20. Calculate the remainder when f is divided by 11.
10
Suppose t - 54 = -4. Let o(y) = 2*y + 31. Calculate the remainder when t is divided by o(-9).
11
Let h(z) = -3*z + 5. What is the remainder when h(-14) is divided by 8?
7
Let g = -10 + 18. Suppose 0 = b + b + 5*u + 26, 4*b - 4*u = -24. Let s = b - -13. Calculate the remainder when g is divided by s.
3
Let g(n) = -2*n - 4. Let q be g(3). Let b be -1 + 1 + (q - -2). Calculate the remainder when 2 is divided by ((-6)/(-12))/((-2)/b).
0
Suppose -3*p - 20 = -c, p - 32 + 167 = 4*c. What is the remainder when c is divided by (-38)/(-4)*(3 + -1)?
16
Let z(d) = d**3 - 6*d**2 + 2*d + 3. Calculate the remainder when (-1550)/(-35) - (-2)/(-7) is divided by z(6).
14
Let p = -17 + 28. Let c = 22 + -15. Suppose c = 3*r - 11. Calculate the remainder when p is divided by r.
5
Let m = 39 + -85. Suppose 0 = -0*q + q - 12. What is the remainder when 3/(-2)*m/3 is divided by q?
11
Suppose -v + 19 - 1 = 0. Suppose -2*x - 24 = -5*x. What is the remainder when (-548)/(-16) + (-2)/x is divided by v?
16
Suppose -k = -6*k + 125. Calculate the remainder when k is divided by 14.
11
Suppose -3*h - 59 = c - 2*c, -3*c - 4*h = -125. Calculate the remainder when c is divided by 24/(-2)*4/(-3).
15
Let s(k) = -k**3 - 5*k**2 - k + 5. Let z be s(-4). Let n = z + 18. Let o = -5 - -48. Calculate the remainder when o is divided by n.
10
Let s = -21 + 13. Let t be s/(-3)*(-18)/(-12). Suppose -5*x + t = -3*x. Calculate the remainder when 4 is divided by x.
0
Let j be -2 + -4*3/(-6). Let f be ((-44)/6)/(4/(-6)). Suppose l - f = -j*l. Calculate the remainder when 31 is divided by l.
9
Let a be 1 + -4 - (2 + -3). Let l = 6 + a. Calculate the remainder when l is divided by 3.
1
Suppose 1 = -q + 14. Let a = 33 + 20. Calculate the remainder when 1 + a - 6/2 is divided by q.
12
Let s = 107 + -26. Calculate the remainder when s is divided by (-138)/(-5) + 2/5.
25
Let b = 40 + -19. Calculate the remainder when 143 is divided by b.
17
Let f(w) = 2*w**2 - 7*w - 16. Calculate the remainder when f(-5) is divided by 35.
34
Let f be ((-6)/9)/((-2)/33). Let c = 1 + f. Calculate the remainder when c is divided by 7.
5
Let l = -36 - -43. Let r = -2 - -3. Let i = l + r. Calculate the remainder when 31 is divided by i.
7
Suppose -26 = -l - g, 0 = 3*l - 5*g + 4*g - 94. Calculate the remainder when l is divided by 11.
8
Suppose 2*c - 10 - 8 = -y, 0 = -y - 4*c + 16. Suppose 0*b = b - y. What is the remainder when b is divided by 7?
6
Let f(y) = y**3 - 2*y**2 + 1. Let n = -7 - -26. Calculate the remainder when n is divided by f(3).
9
Let t(f) = 3*f - 2*f - f**2 - f**3 - 6 + 2*f**3. What is the remainder when t(3) is divided by 9?
6
Let w = -4 + 7. Calculate the remainder when w is divided by 3.
0
Let i(h) = h**2 - h - 4. Let f be i(3). Suppose -3*y = -f*p - 55, -2*p + 5 = 2*y + 3*p. Calculate the remainder when y is divided by 6.
3
Let t be -1 + 2 + (49 - 1). Suppose 2*m + 5 = t. Calculate the remainder when 41 is divided by m.
19
What is the remainder when (-4)/(36/(-723)) + 8/12 is divided by 14?
11
Let r = -3 + 3. Suppose -v - 3 + 6 = r. Calculate the remainder when -1 + v - (-28 - 5) is divided by 9.
8
Let m(b) = -1 - b + 1 + 4*b**2. Let j = -5 + 7. What is the remainder when m(j) is divided by 8?
6
Suppose 5*x - w + 0*w - 52 = 0, 1 = -x + 4*w. Suppose 304 = 3*p - z, 4*z = 3*p - 2*p - 116. Suppose p = 2*n + 3*n. What is the remainder when n is divided by x?
9
Let l = 39 - 16. Let x = -13 + l. What is the remainder when 39 is divided by x?
9
What is the remainder when 6 is divided by 8/(-20)*(-15)/3?
0
Suppose -28 - 2 = -2*k. Calculate the remainder when 56 is divided by k.
11
Calculate the remainder when (2 - 0)*(7 + -5) is divided by 3.
1
Let h = 6 + -3. Suppose -13 = -3*g + h*i + 11, 3*g - 26 = 5*i. What is the remainder when 18 is divided by g?
4
Let d = -2 - -3. Let x(u) be the first derivative of 7*u**4/4 - u**3/3 - u**2/2 + u - 2. What is the remainder when 16 is divided by x(d)?
4
Let g be (6/(-4)*2)/(-1). Let o = 5 - g. What is the remainder when 5 is divided by o?
1
Let f = 13 + 15. Suppose j - f = -3*t, 5*t - 18 = -3. Let x(d) = -d**2 - 7*d - 3. What is the remainder when j is divided by x(-5)?
5
Let j(o) = -6*o + 8. Let a be j(-8). Suppose 2*t + 2*t - a = 0. Suppose 2*f = z - 17, 4*z + 4*f = z + 91. Calculate the remainder when z is divided by t.
11
Let g = 40 + -15. Suppose -3*b + 4*b = g. What is the remainder when b is divided by 15*(12/(-50))/((-6)/15)?
7
Let r be (21/2)/(-7)*6. Let y be (-2)/9 + (-65)/r. Let o = y + 5. Calculate the remainder when 33 is divided by o.
9
Calculate the remainder when 35 is divid